{"id":103,"date":"2009-07-09T14:57:01","date_gmt":"2009-07-09T12:57:01","guid":{"rendered":"http:\/\/www.math.uni-leipzig.de\/fachschaft\/?page_id=103"},"modified":"2023-04-19T21:16:25","modified_gmt":"2023-04-19T19:16:25","slug":"skripte-klausuren","status":"publish","type":"page","link":"https:\/\/www.math.uni-leipzig.de\/fachschaft\/skripte-klausuren\/","title":{"rendered":"Klausuren"},"content":{"rendered":"<ul>\n<li><strong>Algebra I <\/strong>\n<ul>\n<li><a href=\"http:\/\/www.math.uni-leipzig.de\/fachschaft\/alt\/dateien\/klausuren\/alg1-ws01-stueckrad.gif\">WS 01 Prof. St\u00fcckrad<\/a><\/li>\n<li><a href=\"http:\/\/www.math.uni-leipzig.de\/fachschaft\/alt\/dateien\/klausuren\/alg1-ws03-stueckrad-blatt1.gif\">WS 03\/04 Prof. St\u00fcckrad Seite 1<\/a><\/li>\n<li><a href=\"http:\/\/www.math.uni-leipzig.de\/fachschaft\/alt\/dateien\/klausuren\/alg1-ws03-stueckrad-blatt2.gif\">WS 03\/04 Prof. Stckrad Seite 2<\/a><\/li>\n<li><a href=\"http:\/\/www.math.uni-leipzig.de\/fachschaft\/alt\/dateien\/klausuren\/alg1-WS0506.pdf\" target=\"_blank\" rel=\"noopener noreferrer\">WS 05\/06 Prof. St\u00fcckrad<\/a><\/li>\n<li><a href=\"http:\/\/www.math.uni-leipzig.de\/fachschaft\/alt\/dateien\/klausuren\/alg1-ws06-huber-klawitter.pdf\" target=\"_blank\" rel=\"noopener noreferrer\">WS 06 Prof. Huber-Klawitter<\/a><\/li>\n<li><a href=\"http:\/\/www.math.uni-leipzig.de\/fachschaft\/alt\/dateien\/klausuren\/alg1-ws08-herzog.pdf\" target=\"_blank\" rel=\"noopener noreferrer\">WS 08 Prof. Herzog (mit L\u00f6sung)<\/a><\/li>\n<li><a href=\"http:\/\/www.math.uni-leipzig.de\/fachschaft\/alt\/dateien\/klausuren\/alg1-ws09-stueckrad.pdf\" target=\"_blank\" rel=\"noopener noreferrer\">WS 09 Prof. St\u00fcckrad<\/a><\/li>\n<li><a href=\"http:\/\/www.math.uni-leipzig.de\/fachschaft\/wp-content\/uploads\/2009\/07\/AlgIKlausur2019.pdf\">WS 18\/19 Prof. Wilson<\/a><\/li>\n<\/ul>\n<\/li>\n<li><strong>Algebra II<\/strong>\n<ul>\n<li><a href=\"http:\/\/www.math.uni-leipzig.de\/fachschaft\/alt\/dateien\/klausuren\/alg2-SS06.pdf\">SS 06 Prof. St\u00fcckrad<\/a><\/li>\n<\/ul>\n<\/li>\n<li><strong>Betriebssyteme<\/strong>\n<ul>\n<li><a href=\"http:\/\/www.math.uni-leipzig.de\/fachschaft\/alt\/dateien\/klausuren\/betriebssysteme-ws97-blatt1.gif\">WS 97 Betriebssyteme &#8211; Blatt 1<\/a><\/li>\n<li><a href=\"http:\/\/www.math.uni-leipzig.de\/fachschaft\/alt\/dateien\/klausuren\/betriebssysteme-ws97-blatt2.gif\">WS 97 Betriebssyteme &#8211; Blatt 2<\/a><\/li>\n<li><a href=\"http:\/\/www.math.uni-leipzig.de\/fachschaft\/alt\/dateien\/klausuren\/betriebssysteme-ws97-blatt3.gif\">WS 97 Betriebssyteme &#8211; Blatt 3<\/a><\/li>\n<\/ul>\n<\/li>\n<li><strong>Differential- und Integralrechnung I<\/strong>\n<ul>\n<li><a href=\"http:\/\/www.math.uni-leipzig.de\/fachschaft\/alt\/dateien\/klausuren\/diffint1-ws95-rademacher.gif\">WS 95\/96 Prof. Rademacher Klausur<\/a><\/li>\n<li><a href=\"http:\/\/www.math.uni-leipzig.de\/fachschaft\/alt\/dateien\/klausuren\/diffint1-ws95-rademacher-vorbereitung%20nachklausur.gif\">WS 95\/96 Prof. Rademacher Vorbereitung auf die Nachklausur<\/a><\/li>\n<li><a href=\"http:\/\/www.math.uni-leipzig.de\/fachschaft\/alt\/dateien\/klausuren\/diffint1-ws95-rademacher-nachklausur.gif\">WS 95\/96 Prof. Rademacher Nachklausur<\/a><\/li>\n<li><a href=\"http:\/\/www.math.uni-leipzig.de\/fachschaft\/alt\/dateien\/klausuren\/diffint1-ws96-beyer.gif\">WS 96\/97 Prof. Beyer<\/a><\/li>\n<li><a href=\"http:\/\/www.math.uni-leipzig.de\/fachschaft\/alt\/dateien\/klausuren\/diffint1-ws98-miersemann-blatt1.gif\">WS 98\/99 Prof. Miersemann Seite 1<\/a><\/li>\n<li><a href=\"http:\/\/www.math.uni-leipzig.de\/fachschaft\/alt\/dateien\/klausuren\/diffint1-ws98-miersemann-blatt2.gif\">WS 98\/99 Prof. Miersemann Seite 2<\/a><\/li>\n<li><a href=\"http:\/\/www.math.uni-leipzig.de\/fachschaft\/alt\/dateien\/klausuren\/diffint1-ws99-schmuedgen-blatt1.gif\">WS 99\/00 Prof. Schm\u00fcdgen Teil A<\/a><\/li>\n<li><a href=\"http:\/\/www.math.uni-leipzig.de\/fachschaft\/alt\/dateien\/klausuren\/diffint1-ws00-rademacher-vorbereitung-blatt1.gif\">WS 00\/01 Prof. Rademacher Vorbereitung Klausur Seite 1<\/a><\/li>\n<li><a href=\"http:\/\/www.math.uni-leipzig.de\/fachschaft\/alt\/dateien\/klausuren\/diffint1-ws00-rademacher-vorbereitung-blatt2.gif\">WS 00\/01 Prof. Rademacher Vorbereitung Klausur Seite 2<\/a><\/li>\n<li><a href=\"http:\/\/www.math.uni-leipzig.de\/fachschaft\/alt\/dateien\/klausuren\/diffint1-ws00-rademacher.gif\">WS 00\/01 Prof. Rademacher Klausur<\/a><\/li>\n<li><a href=\"http:\/\/www.math.uni-leipzig.de\/fachschaft\/alt\/dateien\/klausuren\/diffint1-ws02-miersemann-blatt1.gif\">WS 02\/03 Prof. Miersemann Seite 1<\/a><\/li>\n<li><a href=\"http:\/\/www.math.uni-leipzig.de\/fachschaft\/alt\/dateien\/klausuren\/diffint1-ws02-miersemann-blatt2.gif\">WS 02\/03 Prof. Miersemann Seite 2<\/a><\/li>\n<li><a href=\"http:\/\/www.math.uni-leipzig.de\/fachschaft\/alt\/dateien\/klausuren\/diffint1-ws02-miersemann-nachklausur.gif\">WS 02\/03 Prof. Miersemann Nachklausur<\/a><\/li>\n<li><a href=\"http:\/\/www.math.uni-leipzig.de\/fachschaft\/alt\/dateien\/klausuren\/diffint1-WS0405.pdf\" target=\"_blank\" rel=\"noopener noreferrer\">WS 04\/05 Prof. Freist\u00fchler<\/a><\/li>\n<li><a href=\"http:\/\/www.math.uni-leipzig.de\/fachschaft\/alt\/dateien\/klausuren\/diffint1-WS0506.pdf\" target=\"_blank\" rel=\"noopener noreferrer\">WS 05\/06 Prof. G\u00fcnther<\/a><\/li>\n<li><a href=\"http:\/\/www.math.uni-leipzig.de\/fachschaft\/alt\/dateien\/klausuren\/diffint1-ws06-koenig1.pdf\" target=\"_blank\" rel=\"noopener noreferrer\">WS 06\/07 Prof. Koenig (erste Klausur)<\/a><\/li>\n<li><a href=\"http:\/\/www.math.uni-leipzig.de\/fachschaft\/alt\/dateien\/klausuren\/diffint1-ws06-koenig2.pdf\" target=\"_blank\" rel=\"noopener noreferrer\">WS 06\/07 Prof. Koenig (zweite Klausur)<\/a><\/li>\n<li><a href=\"http:\/\/www.math.uni-leipzig.de\/fachschaft\/alt\/dateien\/klausuren\/diffint1-ws0708-schumann.pdf\" target=\"_blank\" rel=\"noopener noreferrer\">WS 07\/08 Prof. Schumann<\/a><\/li>\n<li><a href=\"..\/alt\/dateien\/klausuren\/diffint1-ws08-schwarz.pdf\" target=\"_blank\" rel=\"noopener noreferrer\">WS 08\/09 Prof. Schwarz<\/a><\/li>\n<li><a href=\"..\/alt\/dateien\/klausuren\/diffint1-ws09-luckhaus.pdf\" target=\"_blank\" rel=\"noopener noreferrer\">WS 09\/10 Prof. Luckhaus<\/a><\/li>\n<li><a href=\"..\/alt\/dateien\/klausuren\/diffint1-ws10-guenther.jpeg\" target=\"_blank\" rel=\"noopener noreferrer\">WS 10\/11 Prof. G\u00fcnther<\/a><\/li>\n<li><a href=\"..\/alt\/dateien\/klausuren\/diffint1-ws10-guenther.jpeg\" target=\"_blank\" rel=\"noopener noreferrer\">WS 10\/11 Prof. G\u00fcnther<\/a><\/li>\n<li><a href=\"http:\/\/www.math.uni-leipzig.de\/fachschaft\/wp-content\/uploads\/2009\/07\/Analysis-1-WS-201819.pdf\">WS 18\/19 Prof. Eisner<\/a><\/li>\n<\/ul>\n<\/li>\n<li><strong>Differential- und Integralrechnung II<\/strong>\n<ul>\n<li><a href=\"http:\/\/www.math.uni-leipzig.de\/fachschaft\/alt\/dateien\/klausuren\/diffint2-ss96-rademacher-vorbereitung.gif\">SS 96 Prof. Rademacher Vorbereitung<\/a><\/li>\n<li><a href=\"http:\/\/www.math.uni-leipzig.de\/fachschaft\/alt\/dateien\/klausuren\/diffint2-ss96-rademacher.gif\">SS 96 Prof. Rademacher Klausur<\/a><\/li>\n<li><a href=\"http:\/\/www.math.uni-leipzig.de\/fachschaft\/alt\/dateien\/klausuren\/diffint2-ss97-beyer.gif\">SS 97 Prof. Beyer<\/a><\/li>\n<li><a href=\"http:\/\/www.math.uni-leipzig.de\/fachschaft\/alt\/dateien\/klausuren\/diffint2-ss99-miersemann-blatt1.gif\">SS 99 Prof. Miersemann Seite 1<\/a><\/li>\n<li><a href=\"http:\/\/www.math.uni-leipzig.de\/fachschaft\/alt\/dateien\/klausuren\/diffint2-ss99-miersemann-blatt2.gif\">SS 99 Prof. Miersemann Seite 2<\/a><\/li>\n<li><a href=\"http:\/\/www.math.uni-leipzig.de\/fachschaft\/alt\/dateien\/klausuren\/diffint2-ss00-schmuedgen-blatt1.gif\">SS 00 Prof. Schm\u00fcdgen Teil A<\/a><\/li>\n<li><a href=\"http:\/\/www.math.uni-leipzig.de\/fachschaft\/alt\/dateien\/klausuren\/diffint2-ss00-schmuedgen-blatt2.gif\">SS 00 Prof. Schm\u00fcdgen Teil B<\/a><\/li>\n<li><a href=\"http:\/\/www.math.uni-leipzig.de\/fachschaft\/alt\/dateien\/klausuren\/diffint2-ss01-rademacher.gif\">SS 01 Prof. Rademacher Klausur<\/a><\/li>\n<li><a href=\"http:\/\/www.math.uni-leipzig.de\/fachschaft\/alt\/dateien\/klausuren\/diffint2-ss03-miersemann-blatt1.gif\">SS 03 Prof. Miersemann<\/a><\/li>\n<li><a href=\"http:\/\/www.math.uni-leipzig.de\/fachschaft\/alt\/dateien\/klausuren\/diffint2-SS05.pdf\" target=\"_blank\" rel=\"noopener noreferrer\">SS 05 Prof. Freist\u00fchler<\/a><\/li>\n<li><a href=\"http:\/\/www.math.uni-leipzig.de\/fachschaft\/alt\/dateien\/klausuren\/diffint2-SS06.pdf\" target=\"_blank\" rel=\"noopener noreferrer\">SS 06 Prof. G\u00fcnther<\/a><\/li>\n<li><a href=\"http:\/\/www.math.uni-leipzig.de\/fachschaft\/alt\/dateien\/klausuren\/diffint2-ss07-koenig.pdf\" target=\"_blank\" rel=\"noopener noreferrer\">SS 07 Prof. Koenig<\/a><\/li>\n<li><a href=\"http:\/\/www.math.uni-leipzig.de\/fachschaft\/alt\/dateien\/klausuren\/diffint2-ss08-schumann.pdf\" target=\"_blank\" rel=\"noopener noreferrer\">SS 08 Prof. Schumann<\/a><\/li>\n<li><a href=\"http:\/\/www.math.uni-leipzig.de\/fachschaft\/alt\/dateien\/klausuren\/diffint2-ss09-schwarz.pdf\" target=\"_blank\" rel=\"noopener noreferrer\">SS 09 Prof. Schwarz (Handgeschrieben. Gedruckte Version bitte zuschicken)<\/a><\/li>\n<li><a href=\"http:\/\/www.math.uni-leipzig.de\/fachschaft\/alt\/dateien\/klausuren\/diffint2-ss11-guenther.jpg\" target=\"_blank\" rel=\"noopener noreferrer\">SS 11 Prof. G\u00fcnther<\/a><\/li>\n<\/ul>\n<\/li>\n<li><strong>Gew\u00f6hnliche Differentialgleichungen<\/strong>\n<ul>\n<li><a href=\"http:\/\/www.math.uni-leipzig.de\/fachschaft\/alt\/dateien\/klausuren\/dgl-ws99-miersemann-blatt1.gif\">WS 99\/00 Prof. Miersemann Seite 1<\/a><\/li>\n<li><a href=\"http:\/\/www.math.uni-leipzig.de\/fachschaft\/alt\/dateien\/klausuren\/dgl-ws99-miersemann-blatt2.gif\">WS 99\/00 Prof. Miersemann Seite 2<\/a><\/li>\n<li><a href=\"http:\/\/www.math.uni-leipzig.de\/fachschaft\/alt\/dateien\/klausuren\/dgl-ws00-kuersten.gif\">WS 00\/01 Prof. K\u00fcrsten<\/a><\/li>\n<li><a href=\"http:\/\/www.math.uni-leipzig.de\/fachschaft\/alt\/dateien\/klausuren\/dgl-ws03-guenther-blatt1.gif\">WS 03\/04 Prof. G\u00fcnther<\/a><\/li>\n<li><a href=\"http:\/\/www.math.uni-leipzig.de\/fachschaft\/alt\/dateien\/klausuren\/dgl-WS0506.pdf\" target=\"_blank\" rel=\"noopener noreferrer\">WS 05\/06 Prof. Freist\u00fchler<\/a><\/li>\n<li><a href=\"http:\/\/www.math.uni-leipzig.de\/fachschaft\/alt\/dateien\/klausuren\/dgl-ws08-guenther.pdf\" target=\"_blank\" rel=\"noopener noreferrer\">WS 08 Prof. G\u00fcnther<\/a><\/li>\n<li><a href=\"http:\/\/www.math.uni-leipzig.de\/fachschaft\/alt\/dateien\/klausuren\/dgl_ss08-lehramt-kuersten.pdf\" target=\"_blank\" rel=\"noopener noreferrer\">SS 08 Prof. K\u00fcrsten (Lehramt)<\/a><\/li>\n<li><a href=\"http:\/\/www.math.uni-leipzig.de\/fachschaft\/alt\/dateien\/klausuren\/dgl-ss10-kuersten.pdf\" target=\"_blank\" rel=\"noopener noreferrer\">SS 10 Prof. K\u00fcrsten (Lehramt)<\/a><\/li>\n<li><a href=\"http:\/\/www.math.uni-leipzig.de\/fachschaft\/alt\/dateien\/klausuren\/dgl-ws11-gittel.jpg\" target=\"_blank\" rel=\"noopener noreferrer\">WS 11 Prof. Gittel<\/a><\/li>\n<li><a href=\"http:\/\/www.math.uni-leipzig.de\/fachschaft\/alt\/dateien\/klausuren\/dgl-ss12-kuersten.pdf\" target=\"_blank\" rel=\"noopener noreferrer\">SS 12 Prof. K\u00fcrsten (Lehramt)<\/a><\/li>\n<\/ul>\n<\/li>\n<li><strong>Geometrie<\/strong>\n<ul>\n<li><a href=\"http:\/\/www.math.uni-leipzig.de\/fachschaft\/alt\/dateien\/klausuren\/geometrie-zahlenbereiche-ws09-pruefer-grundschullehramt.pdf\">WS09 Geometrie und Zahlenbereiche &#8211; Prof. Pr\u00fcfer<\/a><\/li>\n<li><a href=\"http:\/\/www.math.uni-leipzig.de\/fachschaft\/alt\/dateien\/klausuren\/analytische-geometrie-ss11-fritsche.pdf\">SS11 Analytische Geometrie &#8211; Prof. Fritsche<\/a><\/li>\n<li><a href=\"http:\/\/www.math.uni-leipzig.de\/fachschaft\/alt\/dateien\/klausuren\/analytische-geometrie-ss11-fritsche-nachklausur.pdf\">SS11 Analytische Geometrie &#8211; Prof. Fritsche, Nachklausur<\/a><\/li>\n<\/ul>\n<\/li>\n<li><strong>Funktionentheorie<\/strong>\n<ul>\n<li><a href=\"http:\/\/www.math.uni-leipzig.de\/fachschaft\/alt\/dateien\/klausuren\/ft-ss98-beyer.gif\">SS 98 Prof. Beyer<\/a><\/li>\n<li><a href=\"http:\/\/www.math.uni-leipzig.de\/fachschaft\/alt\/dateien\/klausuren\/ft-ss00-miersemann.gif\">SS 00 Prof. Miersemann<\/a><\/li>\n<li><a href=\"http:\/\/www.math.uni-leipzig.de\/fachschaft\/alt\/dateien\/klausuren\/ft-ss06-freistuehler.pdf\">SS 06 Prof. Freist\u00fchler<\/a><\/li>\n<\/ul>\n<\/li>\n<li><strong>Lineare Algebra I<\/strong>\n<ul>\n<li><a href=\"http:\/\/www.math.uni-leipzig.de\/fachschaft\/alt\/dateien\/klausuren\/linalg1-ws95-herzog-klausur1.gif\">WS 95\/96 Prof. Herzog Klausur 1<\/a><\/li>\n<li><a href=\"http:\/\/www.math.uni-leipzig.de\/fachschaft\/alt\/dateien\/klausuren\/linalg1-ws95-herzog-klausur2.gif\">WS 95\/96 Prof. Herzog Klausur 2<\/a><\/li>\n<li><a href=\"http:\/\/www.math.uni-leipzig.de\/fachschaft\/alt\/dateien\/klausuren\/linalg1-ws97-stueckrad.gif\">WS 97\/98 Prof. St\u00fcckrad<\/a><\/li>\n<li><a href=\"http:\/\/www.math.uni-leipzig.de\/fachschaft\/alt\/dateien\/klausuren\/linalg1-ws98-herzog.gif\">WS 98\/99 Prof. Herzog<\/a><\/li>\n<li><a href=\"http:\/\/www.math.uni-leipzig.de\/fachschaft\/alt\/dateien\/klausuren\/linalg1-ws99-fritsche-blatt1.gif\">WS 99\/00 Prof. Fritzsche Seite 1<\/a><\/li>\n<li><a href=\"http:\/\/www.math.uni-leipzig.de\/fachschaft\/alt\/dateien\/klausuren\/linalg1-ws99-fritsche-blatt2.gif\">WS 99\/00 Prof. Fritzsche Seite 2<\/a><\/li>\n<li><a href=\"http:\/\/www.math.uni-leipzig.de\/fachschaft\/alt\/dateien\/klausuren\/linalg1-ws00-herzog-klausur1.gif\">WS 00\/01 Prof. Herzog Klausur 1<\/a><\/li>\n<li><a href=\"http:\/\/www.math.uni-leipzig.de\/fachschaft\/alt\/dateien\/klausuren\/linalg1-ws02-stueckrad-blatt1.gif\">WS 02\/03 Prof. St\u00fcckrad Seite 1<\/a><\/li>\n<li><a href=\"http:\/\/www.math.uni-leipzig.de\/fachschaft\/alt\/dateien\/klausuren\/linalg1-ws02-stueckrad-blatt2.gif\">WS 02\/03 Prof. St\u00fcckrad Seite 2<\/a><\/li>\n<li><a href=\"http:\/\/www.math.uni-leipzig.de\/fachschaft\/alt\/dateien\/klausuren\/linalg1-ws02-stueckrad-nachklausur-blatt1.gif\">WS 02\/03 Prof. St\u00fcckrad Nachklausur Seite 1<\/a><\/li>\n<li><a href=\"http:\/\/www.math.uni-leipzig.de\/fachschaft\/alt\/dateien\/klausuren\/linalg1-ws02-stueckrad-nachklausur-blatt2.gif\">WS 02\/03 Prof. St\u00fcckrad Nachklausur Seite 2<\/a><\/li>\n<li><a href=\"http:\/\/www.math.uni-leipzig.de\/fachschaft\/alt\/dateien\/klausuren\/linalg1-ws03-herzog.pdf\" target=\"_blank\" rel=\"noopener noreferrer\">WS 03\/04 Prof. Herzog<\/a><\/li>\n<li><a href=\"http:\/\/www.math.uni-leipzig.de\/fachschaft\/alt\/dateien\/klausuren\/linalg1-WS0405.pdf\" target=\"_blank\" rel=\"noopener noreferrer\">WS 04\/05 Prof. Fritzsche<\/a><\/li>\n<li><a href=\"http:\/\/www.math.uni-leipzig.de\/fachschaft\/alt\/dateien\/klausuren\/linalg1-WS0506.pdf\" target=\"_blank\" rel=\"noopener noreferrer\">WS 05\/06 Prof. Herzog<\/a><\/li>\n<li><a href=\"http:\/\/www.math.uni-leipzig.de\/fachschaft\/alt\/dateien\/klausuren\/la1-ws06-stueckrad.pdf\" target=\"_blank\" rel=\"noopener noreferrer\">WS 06\/07 Prof. St\u00fcckrad<\/a><\/li>\n<li><a href=\"http:\/\/www.math.uni-leipzig.de\/fachschaft\/alt\/dateien\/klausuren\/linalg1-ws07-Herzog.jpg\" target=\"_blank\" rel=\"noopener noreferrer\">WS 07\/08 Prof. Herzog<\/a><\/li>\n<li><a href=\"http:\/\/www.math.uni-leipzig.de\/fachschaft\/alt\/dateien\/klausuren\/linalg-ws07-becker-ptobe.pdf\" target=\"_blank\" rel=\"noopener noreferrer\">WS 07\/08 Probeklausur<\/a><\/li>\n<li><a href=\"http:\/\/www.math.uni-leipzig.de\/fachschaft\/alt\/dateien\/klausuren\/linalg1-ws07-Herzog-nach.jpg\" target=\"_blank\" rel=\"noopener noreferrer\">WS 07\/08 Nachklausur Prof. Herzog<\/a><\/li>\n<li><a href=\"http:\/\/www.math.uni-leipzig.de\/fachschaft\/alt\/dateien\/klausuren\/linalg1-ws08-stueckrad.pdf\" target=\"_blank\" rel=\"noopener noreferrer\">WS 08\/09 Prof. St\u00fcckrad<\/a><\/li>\n<li><a href=\"http:\/\/www.math.uni-leipzig.de\/fachschaft\/alt\/dateien\/klausuren\/linalg1-ws10-fritsche.pdf\" target=\"_blank\" rel=\"noopener noreferrer\">WS 10\/11 Prof. Fritsche<\/a><\/li>\n<li><a href=\"http:\/\/www.math.uni-leipzig.de\/fachschaft\/alt\/dateien\/klausuren\/linalg1-ws10-fritsche-nachklausur.pdf\" target=\"_blank\" rel=\"noopener noreferrer\">WS 10\/11 Nachklausur Prof. Fritsche<\/a><\/li>\n<li><a href=\"http:\/\/www.math.uni-leipzig.de\/fachschaft\/alt\/dateien\/klausuren\/linalg1-ws11-stueckrad.pdf\" target=\"_blank\" rel=\"noopener noreferrer\">WS 11\/12 Prof. St\u00fcckrad<\/a><\/li>\n<li><a href=\"http:\/\/www.math.uni-leipzig.de\/fachschaft\/wp-content\/uploads\/2009\/07\/kl-lialg1-050218.pdf\">WS 17\/18 Prof. Fritsche<\/a><\/li>\n<li><a href=\"http:\/\/www.math.uni-leipzig.de\/fachschaft\/wp-content\/uploads\/2009\/07\/Lineare-Algebra-1-201819-Probeklausur.pdf\">WS 18\/19 Prof. Finis Probeklausur<\/a><\/li>\n<li><a href=\"http:\/\/www.math.uni-leipzig.de\/fachschaft\/wp-content\/uploads\/2009\/07\/Lineare-Algebra-1-WS-201819.pdf\">WS 18\/19 Prof. Finis<\/a><\/li>\n<\/ul>\n<\/li>\n<li><strong>Lineare Algebra II<\/strong>\n<ul>\n<li><a href=\"http:\/\/www.math.uni-leipzig.de\/fachschaft\/alt\/dateien\/klausuren\/linalg2-ss96-herzog-klausur3.gif\">SS 96 Prof. Herzog Klausur 3<\/a><\/li>\n<li><a href=\"http:\/\/www.math.uni-leipzig.de\/fachschaft\/alt\/dateien\/klausuren\/linalg2-ss96-herzog-klausur4.gif\">SS 96 Prof. Herzog Klausur 4<\/a><\/li>\n<li><a href=\"http:\/\/www.math.uni-leipzig.de\/fachschaft\/alt\/dateien\/klausuren\/linalg2-ss98-stueckrad.gif\">SS 98 Prof. St\u00fcckrad<\/a><\/li>\n<li><a href=\"http:\/\/www.math.uni-leipzig.de\/fachschaft\/alt\/dateien\/klausuren\/linalg2-ss99-herzog-klausur1.gif\">SS 99 Prof. Herzog Klausur 1<\/a><\/li>\n<li><a href=\"http:\/\/www.math.uni-leipzig.de\/fachschaft\/alt\/dateien\/klausuren\/linalg2-ss99-herzog-klausur2.gif\">SS 99 Prof. Herzog Klausur 2<\/a><\/li>\n<li><a href=\"http:\/\/www.math.uni-leipzig.de\/fachschaft\/alt\/dateien\/klausuren\/linalg2-ss99-herzog-klausur3.gif\">SS 99 Prof. Herzog Klausur 3<\/a><\/li>\n<li><a href=\"http:\/\/www.math.uni-leipzig.de\/fachschaft\/alt\/dateien\/klausuren\/linalg2-ss00-fritsche.gif\">SS 00 Prof. Fritzsche<\/a><\/li>\n<li><a href=\"http:\/\/www.math.uni-leipzig.de\/fachschaft\/alt\/dateien\/klausuren\/linalg2-ss01-herzog-klausur2.gif\">SS 01 Prof. Herzog Klausur 2<\/a><\/li>\n<li><a href=\"http:\/\/www.math.uni-leipzig.de\/fachschaft\/alt\/dateien\/klausuren\/linalg2-ss01-herzog-klausur3.gif\">SS 01 Prof. Herzog Klausur 3<\/a><\/li>\n<li><a href=\"http:\/\/www.math.uni-leipzig.de\/fachschaft\/alt\/dateien\/klausuren\/linalg2-ss03-stueckrad-blatt1.gif\">SS 03 Prof. St\u00fcckrad Seite 1<\/a><\/li>\n<li><a href=\"http:\/\/www.math.uni-leipzig.de\/fachschaft\/alt\/dateien\/klausuren\/linalg2-ss03-stueckrad-blatt2.gif\">SS 03 Prof. St\u00fcckrad Seite 2<\/a><\/li>\n<li><a href=\"http:\/\/www.math.uni-leipzig.de\/fachschaft\/alt\/dateien\/klausuren\/linalg2-SS05.pdf\" target=\"_blank\" rel=\"noopener noreferrer\">SS 05 Dr. Hellus<\/a><\/li>\n<li><a href=\"http:\/\/www.math.uni-leipzig.de\/fachschaft\/alt\/dateien\/klausuren\/linalg2-ss06-huber-klawitter.pdf\" target=\"_blank\" rel=\"noopener noreferrer\">SS 06 Prof. Huber-Klawitter<\/a><\/li>\n<li><a href=\"http:\/\/www.math.uni-leipzig.de\/fachschaft\/alt\/dateien\/klausuren\/linalg2-ss08-herzog.jpg\" target=\"_blank\" rel=\"noopener noreferrer\">SS 08 Prof. Herzog<\/a><\/li>\n<li><a href=\"http:\/\/www.math.uni-leipzig.de\/fachschaft\/alt\/dateien\/klausuren\/linalg2-ss09-stueckrad.pdf\" target=\"_blank\" rel=\"noopener noreferrer\">SS 09 Prof. St\u00fcckrad<\/a><\/li>\n<li><a href=\"http:\/\/www.math.uni-leipzig.de\/fachschaft\/alt\/dateien\/klausuren\/linalg2-ss11-fritsche.pdf\" target=\"_blank\" rel=\"noopener noreferrer\">SS 11 Prof. Fritsche<\/a><\/li>\n<li><a href=\"http:\/\/www.math.uni-leipzig.de\/fachschaft\/alt\/dateien\/klausuren\/linalg2-ss12-stueckrad.pdf\" target=\"_blank\" rel=\"noopener noreferrer\">SS 12 Prof. St\u00fcckrad<\/a><\/li>\n<\/ul>\n<\/li>\n<li><strong>Ma\u00dftheorie<\/strong>\n<ul>\n<li><a href=\"http:\/\/www.math.uni-leipzig.de\/fachschaft\/alt\/dateien\/klausuren\/mass-ws97-beyer.gif\">WS 97\/98 Prof. Beyer<\/a><\/li>\n<li><a href=\"http:\/\/www.math.uni-leipzig.de\/fachschaft\/alt\/dateien\/klausuren\/mass-ws00-schmuedgen-blatt1.gif\">WS 00\/01 Prof. Schm\u00fcdgen Teil A<\/a><\/li>\n<li><a href=\"http:\/\/www.math.uni-leipzig.de\/fachschaft\/alt\/dateien\/klausuren\/mass-ws00-schmuedgen-blatt2.gif\">WS 00\/01 Prof. Schm\u00fcdgen Teil B<\/a><\/li>\n<li><a href=\"http:\/\/www.math.uni-leipzig.de\/fachschaft\/alt\/dateien\/klausuren\/mass-ws03-schumann-blatt1.gif\">WS 03\/04 Prof. Schumann<\/a><\/li>\n<li><a href=\"http:\/\/www.math.uni-leipzig.de\/fachschaft\/alt\/dateien\/klausuren\/mass-ws07-koenig.pdf\">WS 07\/08 Prof. Koenig<\/a><\/li>\n<li><a href=\"http:\/\/www.math.uni-leipzig.de\/fachschaft\/alt\/dateien\/klausuren\/mass-ws08-schumann.jpg\">WS 08\/09 Prof. Schumann<\/a><\/li>\n<\/ul>\n<\/li>\n<li><strong>Numerik<\/strong>\n<ul>\n<li><a href=\"http:\/\/www.math.uni-leipzig.de\/fachschaft\/alt\/dateien\/klausuren\/num-ws02-kunkel-informatik.pdf\">WS 02\/03 Prof. Kunkel (Informatiker)<\/a><\/li>\n<li><a href=\"http:\/\/www.math.uni-leipzig.de\/fachschaft\/alt\/dateien\/klausuren\/num-SS06.pdf\">SS 06 Dr. Bebendorf<\/a><\/li>\n<li><a href=\"http:\/\/www.math.uni-leipzig.de\/fachschaft\/alt\/dateien\/klausuren\/num-ws08-lehramt-berger.pdf\">WS 08\/09 Prof. Berger (Lehramt)<\/a><\/li>\n<li><a href=\"http:\/\/www.math.uni-leipzig.de\/fachschaft\/alt\/dateien\/klausuren\/num-ws08-berger-lehramt-nachklausur.pdf\">WS 08\/09 Prof. Berger (Lehramt)-Nachklausur<\/a><\/li>\n<li><a href=\"http:\/\/www.math.uni-leipzig.de\/fachschaft\/alt\/dateien\/klausuren\/num-ss10-berger-lehramt.pdf\">SS 10 Prof. Berger (Lehramt)<\/a><\/li>\n<li><a href=\"http:\/\/www.math.uni-leipzig.de\/fachschaft\/alt\/dateien\/klausuren\/num-ss11-kunkel.jpeg\">SS 11 Prof. Kunkel<\/a><\/li>\n<\/ul>\n<\/li>\n<li><strong>Optimierung<\/strong> I\n<ul>\n<li><a href=\"http:\/\/www.math.uni-leipzig.de\/fachschaft\/alt\/dateien\/klausuren\/opt1-SS06.pdf\">SS 06 Dr. Kripfganz<\/a><\/li>\n<\/ul>\n<\/li>\n<li><strong>Funktionalanalysis<\/strong>\n<ul>\n<li><a href=\"http:\/\/www.math.uni-leipzig.de\/fachschaft\/alt\/dateien\/klausuren\/fa-ss98-kuersten.gif\">SS 98 Prof. K\u00fcrsten<\/a><\/li>\n<li><a href=\"http:\/\/www.math.uni-leipzig.de\/fachschaft\/alt\/dateien\/klausuren\/fa-ws02-kuersten.gif\">WS 02\/03 Prof. K\u00fcrsten<\/a><\/li>\n<li><a href=\"http:\/\/www.math.uni-leipzig.de\/fachschaft\/alt\/dateien\/klausuren\/fa-ws08-schmuedgen.pdf\">WS 08\/09 Prof Schm\u00fcdgen<\/a><\/li>\n<li><a href=\"http:\/\/www.math.uni-leipzig.de\/fachschaft\/alt\/dateien\/klausuren\/fa-ws09-schmuedgen.pdf\">WS 09\/10 Prof Schm\u00fcdgen<\/a><\/li>\n<li><a href=\"http:\/\/www.math.uni-leipzig.de\/fachschaft\/wp-content\/uploads\/2009\/07\/Funktionalanalysis-1-WS-201819.pdf\">WS 18\/19 Prof. Kirchheim<\/a><\/li>\n<\/ul>\n<\/li>\n<li><strong>Quantenmechanik<\/strong>\n<ul>\n<li><a href=\"http:\/\/www.math.uni-leipzig.de\/fachschaft\/alt\/dateien\/klausuren\/quantenmechanik-ss00-lindner.gif\">SS 00 PD Lindner<\/a><\/li>\n<\/ul>\n<\/li>\n<li><strong>Risikotheorie I<\/strong>\n<ul>\n<li><a href=\"http:\/\/www.math.uni-leipzig.de\/fachschaft\/alt\/dateien\/klausuren\/risiko1-ss99-riedel.gif\">SS 99 Dr. Riedel<\/a><\/li>\n<\/ul>\n<\/li>\n<li><strong>Risikotheorie II<\/strong>\n<ul>\n<li><a href=\"http:\/\/www.math.uni-leipzig.de\/fachschaft\/alt\/dateien\/klausuren\/risiko2-WS0506.pdf\" target=\"_blank\" rel=\"noopener noreferrer\">WS 05\/06 <\/a><\/li>\n<\/ul>\n<\/li>\n<li><strong>Wahrscheinlichkeitstheorie I<\/strong>\n<ul>\n<li><a href=\"http:\/\/www.math.uni-leipzig.de\/fachschaft\/alt\/dateien\/klausuren\/wtheorie-ss08-koenig.pdf\" target=\"_blank\" rel=\"noopener noreferrer\">SS 08 Prof. Koenig<\/a><\/li>\n<li><a href=\"http:\/\/www.math.uni-leipzig.de\/fachschaft\/alt\/dateien\/klausuren\/sto-ss10-riedel-lehramt.pdf\" target=\"_blank\" rel=\"noopener noreferrer\">SS 10 Prof. Riedel<\/a><\/li>\n<\/ul>\n<\/li>\n<li><strong>Grundlagen der Mathematik<\/strong>\n<ul>\n<li><a href=\"https:\/\/www.math.uni-leipzig.de\/fachschaft\/wp-content\/uploads\/2020\/01\/GL_Klausur_ET_WiSe2017-1.pdf\">WS 17 Hintze Ersttermin<\/a><\/li>\n<li><a href=\"https:\/\/www.math.uni-leipzig.de\/fachschaft\/wp-content\/uploads\/2020\/01\/GL_Klausur_NT_WiSe2017.pdf\">WS 17 Hintze Nachtermin<\/a><\/li>\n<li><a href=\"https:\/\/www.math.uni-leipzig.de\/fachschaft\/wp-content\/uploads\/2020\/01\/GL_Klausur_ET_WiSe2018.pdf\">WS 18 Hintze Ersttermin<\/a><\/li>\n<li><a href=\"https:\/\/www.math.uni-leipzig.de\/fachschaft\/wp-content\/uploads\/2020\/01\/GL_Klausur_NT_WiSe2018.pdf\">WS 18 Hintze Nachtermin<\/a><\/li>\n<\/ul>\n<\/li>\n<\/ul>\n","protected":false},"excerpt":{"rendered":"<p>Algebra I WS 01 Prof. St\u00fcckrad WS 03\/04 Prof. St\u00fcckrad Seite 1 WS 03\/04 Prof. Stckrad Seite 2 WS 05\/06 Prof. St\u00fcckrad WS 06 Prof. Huber-Klawitter WS 08 Prof. Herzog (mit L\u00f6sung) WS 09 Prof. St\u00fcckrad WS 18\/19 Prof. Wilson Algebra II SS 06 Prof. St\u00fcckrad Betriebssyteme WS 97 Betriebssyteme &#8211; Blatt 1 WS 97 &#8230; <a title=\"Klausuren\" class=\"read-more\" href=\"https:\/\/www.math.uni-leipzig.de\/fachschaft\/skripte-klausuren\/\" aria-label=\"Mehr Informationen \u00fcber Klausuren\">Weiterlesen<\/a><\/p>\n","protected":false},"author":1660,"featured_media":0,"parent":0,"menu_order":1,"comment_status":"closed","ping_status":"closed","template":"","meta":{"footnotes":""},"class_list":["post-103","page","type-page","status-publish"],"_links":{"self":[{"href":"https:\/\/www.math.uni-leipzig.de\/fachschaft\/wp-json\/wp\/v2\/pages\/103","targetHints":{"allow":["GET"]}}],"collection":[{"href":"https:\/\/www.math.uni-leipzig.de\/fachschaft\/wp-json\/wp\/v2\/pages"}],"about":[{"href":"https:\/\/www.math.uni-leipzig.de\/fachschaft\/wp-json\/wp\/v2\/types\/page"}],"author":[{"embeddable":true,"href":"https:\/\/www.math.uni-leipzig.de\/fachschaft\/wp-json\/wp\/v2\/users\/1660"}],"replies":[{"embeddable":true,"href":"https:\/\/www.math.uni-leipzig.de\/fachschaft\/wp-json\/wp\/v2\/comments?post=103"}],"version-history":[{"count":92,"href":"https:\/\/www.math.uni-leipzig.de\/fachschaft\/wp-json\/wp\/v2\/pages\/103\/revisions"}],"predecessor-version":[{"id":3449,"href":"https:\/\/www.math.uni-leipzig.de\/fachschaft\/wp-json\/wp\/v2\/pages\/103\/revisions\/3449"}],"wp:attachment":[{"href":"https:\/\/www.math.uni-leipzig.de\/fachschaft\/wp-json\/wp\/v2\/media?parent=103"}],"curies":[{"name":"wp","href":"https:\/\/api.w.org\/{rel}","templated":true}]}}